8)/((-30)/r - 1)?
0
Suppose -3*p = 135 + 825. Let k = p - -197. Let m = 38 - k. What is the hundreds digit of m?
1
Suppose 0 = 17*k - 27 - 58. Let p(u) = 49*u**2 + 2*u - 11. What is the units digit of p(k)?
4
Let i(t) = 3*t**2 + 26*t - 83. Let s be i(-21). Let h = -114 + s. What is the hundreds digit of h?
5
Let a(i) = -6*i**2 - 4*i + 6. Let h be a(-3). Let d be 24/h + 4*(-282)/9. Let j = -110 - d. What is the tens digit of j?
1
Let s(f) = -f**3 + 9*f**2 - 6*f - 8. Let g be s(7). Let l = -46 + g. Suppose 4*t + l*w - 7*w - 304 = 0, -20 = 5*w. What is the units digit of t?
1
Suppose -2*l + n + 36871 = 0, 2*l + 24530 = -9*n + 61471. What is the ten thousands digit of l?
1
Suppose -q - 16*q = -68. What is the tens digit of 445 - -1*(-6 + q)?
4
Let h(v) = -35*v + 6. Let f be h(-2). Let c = f - 120. Let q = 128 - c. What is the tens digit of q?
7
Suppose 22980 + 714345 = 134*h - 59*h. What is the thousands digit of h?
9
Let g be 5/((-30)/(-27))*-24. Let d = 496 - g. What is the hundreds digit of d?
6
Let i(y) = -40*y + 236. What is the units digit of i(-4)?
6
Let j(f) = 30*f**3 + 14*f**2 + 25*f - 153. What is the hundreds digit of j(9)?
0
Let d = 12 + -12. Suppose d = -s + 3*l + 10, 4*s - 37 = -s + 2*l. Suppose -s*i + 133 = -518. What is the units digit of i?
3
Let n = 10375 + 7262. What is the hundreds digit of n?
6
Suppose 6*n - 87235 = 21863. What is the thousands digit of n?
8
Suppose 5945 = 4*h - 4035. What is the hundreds digit of (-6)/4 - h/(-10)?
2
Let s = -47 + 53. Let l be (-2)/s + (-13)/(-3). What is the tens digit of (0 + 28)*4/l?
2
Suppose 2*d - 2*f - 766 = 134, -5*d - 5*f + 2220 = 0. Let t = d - 113. Suppose t = 2*b - 5*n, 0*b - 535 = -3*b - n. What is the hundreds digit of b?
1
Let q(y) = 577*y**3 + y**2 - 3*y + 2. Let k(u) = -u + 1. Let h(w) = -3*k(w) + q(w). What is the hundreds digit of h(1)?
5
Let w = 43 - 39. Let n = -16 + 19. Suppose q + 737 = 5*v, -n*v + q = w*q - 453. What is the hundreds digit of v?
1
Suppose -44*s + 12*s = -296*s + 9531456. What is the thousands digit of s?
6
Let s(u) = 378*u + 5555. What is the units digit of s(52)?
1
Suppose 4388*q - 4785 = 4377*q. What is the tens digit of q?
3
Let r = -85 - -89. Suppose -485 = -3*t + 2*o, -r*t - 5*o + 258 = -381. What is the units digit of t?
1
Suppose -59*k + 50*k = -85320. What is the hundreds digit of k?
4
Suppose -30*s + 27*s = -18. Let h(b) = 30*b + 8. What is the hundreds digit of h(s)?
1
Let r = -241 - -420. Suppose 30*y - 280 = -40*y. Suppose 2*t - 831 = -4*j - 79, -r = -j + y*t. What is the hundreds digit of j?
1
Let g(d) = 4*d + 21. Let p be g(-4). Suppose -4*x - 1803 = -p*b, -4*b = 3*x - 1586 + 125. What is the hundreds digit of b?
3
Let p(z) = 81*z - 34. Let r(l) = 84*l - 35. Let m(n) = -6*p(n) + 4*r(n). What is the units digit of m(-8)?
4
Suppose 16123 = 4*c + 3*f, -4*c + 32*f - 37*f + 16117 = 0. What is the thousands digit of c?
4
Let z(x) = -24*x**3 - 21*x**2 + 36*x + 155. What is the thousands digit of z(-11)?
9
Let r(t) = 64*t**2 - 382*t - 162. What is the ten thousands digit of r(23)?
2
Let i be (((-6885)/(-20))/(-3))/((-1)/24). Suppose 2*a - 5 = -11, i = 5*f + 2*a. Suppose 16*x - 1160 - f = 0. What is the units digit of x?
7
Let n(m) = -20*m**3 + 9*m**2 + 83*m - 135. What is the ten thousands digit of n(-13)?
4
Suppose 5*k + 6*r = 11*r - 90, 2*k + 20 = -2*r. Let i(s) be the first derivative of s**3 + 15*s**2 - 18*s - 1. What is the units digit of i(k)?
0
Let y be 288 + 2 - -4 - 4. Let t be (y/(-4))/((21/(-6))/7). Let v = -43 + t. What is the units digit of v?
2
Suppose 107*p - 109*p + 2250 = 0. Suppose 53*c - 940 = 49*c + 4*o, -5*o = 5*c - p. What is the units digit of c?
0
Suppose 0 = -2*y - 10*y + 19560. Suppose -r + 4*f + y = 0, 109 - 3356 = -2*r - 5*f. What is the units digit of r?
6
Let z = -5301 - -7228. What is the hundreds digit of z?
9
Let b = -13 - -97. Let y(v) = -16*v**2 + 6. Let w be y(2). Let f = b + w. What is the units digit of f?
6
What is the hundreds digit of ((-72)/(-180) - (-118066)/10)*(5 - 4)?
8
Let x(m) be the second derivative of -m**4/12 - 19*m**3/6 + 20*m**2 + 3*m - 4. What is the tens digit of x(-19)?
4
Let w be 3/6 + 7/((-56)/(-28716)). Suppose -2*x - 5*k + 2385 = 0, -w = -3*x + 6*k - k. What is the tens digit of x?
9
Suppose 2*b - g - 74 = 4*g, -2*b = -2*g - 86. Let i = b + -44. Suppose f + 177 = 4*f + i*l, 3*f = 2*l + 167. What is the units digit of f?
7
Let k be 2*(-4)/40 - (-20748)/(-35). Let a = k - -1057. What is the tens digit of a?
6
Suppose n - 2*o - 6 = 0, -3*n + 2*o + 30 = 4. Suppose n*r = 202 + 858. What is the hundreds digit of r?
1
Let u(z) = 0*z**2 - 11*z + 38 - 34 - 6*z**2 + z**3 - 4*z**2. Let a be u(11). What is the tens digit of a*(1 - (-4)/(-8))*47?
9
Let a(r) = 7*r**2 - 10*r + 4 - 3 + 1 - r**3. Let b be a(5). Suppose -b*t = 2*t + 20, -j = -5*t - 149. What is the tens digit of j?
2
Let w(d) = d**3 - 7*d**2 + 16*d - 20. Let y be w(5). What is the units digit of (y/6)/((-70)/(-126))?
3
Suppose -4*u + 7*u = -3*g + 4593, -4*u + 5*g + 6115 = 0. Let r = u - 812. What is the hundreds digit of r?
7
Suppose -1618 - 5477 = -3*n. Suppose -4*m + q + n = 0, m - 5*q = -0*m + 596. What is the units digit of m?
1
Suppose 5*a = -5*x + 334760, -3*a - 488086 + 153254 = -5*x. What is the units digit of x?
1
Suppose 6448*i = 6449*i - 25982. What is the ten thousands digit of i?
2
Let w(f) = 7*f**2 + 7*f + 123. Let v(r) = -3*r**2 - 3*r - 61. Let a(z) = -9*v(z) - 4*w(z). Let s be a(6). What is the tens digit of s/(-9) + 200/12?
1
Let g = 114 + -134. What is the units digit of 402 + (8/g)/(10/(-25))?
3
Suppose 11*g - 142 = 23. What is the tens digit of (((-252)/g)/14)/(3/(-670))?
6
Suppose -r - 3857 = -2*b + 4016, 5*b - 19702 = -4*r. What is the tens digit of b?
3
Suppose -28 = -4*g + 5*h, 0 = g - h - 2*h - 14. Suppose -k - 4*p = 4*k - 1826, g*k - 5*p - 704 = 0. What is the tens digit of k?
6
Let c = -3251 + 3577. What is the tens digit of c?
2
Suppose 2*y + 5176 = 20098. What is the hundreds digit of y?
4
Let i(m) = 4*m**3 - 41*m**2 + 9*m + 15. Let w be i(10). Let p(l) be the third derivative of 17*l**4/12 - 13*l**3/3 - l**2. What is the hundreds digit of p(w)?
1
Let l be (8716/18)/(-2) + 1/9. Let j = l - -851. What is the tens digit of j?
0
Let w = 6584 - -13289. What is the tens digit of w?
7
Suppose 0 = 7*i - 34 - 1. Suppose -s = -4*h + 5, i*h - 2*s = -s + 5. Suppose 2*j = -h*b - 4*b + 658, 4*j = -b + 161. What is the hundreds digit of b?
1
Suppose 4 = -2*i, -2*c + c = -5*i - 14. Suppose -y = -c*t - 0*t + 197, 244 = 5*t - 2*y. Suppose -2*r + 454 - t = 0. What is the units digit of r?
2
Suppose 5*p - 9130 = 5*z, -2*p - 5*z = -3*p + 1822. Suppose -g + 598 = -5*d, -3*g - 9*d + 13*d + p = 0. What is the tens digit of g?
1
Let n(y) = 4*y**2 + 18*y - 9. Let m be n(-11). Let r = m - -1098. What is the hundreds digit of r?
3
Let q = 3150 + 3372. What is the hundreds digit of q?
5
Suppose -139767 - 245838 - 127387 = -46*n. What is the thousands digit of n?
1
Suppose -2*d + 58 = 42. Suppose 540 + 76 = d*i. What is the tens digit of i?
7
Let n be 2 + 2 + (-3 - -1). What is the tens digit of (n/4)/((-65)/(-18330))?
4
Suppose -3*g + 47666 - 9326 = 0. What is the tens digit of g?
8
Let j be (-9 + 28)*(-11)/(-1). Suppose 6*o - 444 = 2*o. Let g = j - o. What is the tens digit of g?
9
Suppose 2785 + 85237 = 2*s. Suppose 41*q - s = -9489. What is the hundreds digit of q?
8
Let q = 37 + 103. Suppose -24*v = -22*v - q. What is the tens digit of v?
7
Let x(g) = 4*g**2 + g + 2. Suppose y - 2*l = -19 + 66, -174 = -3*y - 5*l. Let w = 48 - y. What is the units digit of x(w)?
7
Let d(g) = -369*g + 1333. What is the tens digit of d(-37)?
8
Let b(x) = 20*x**2 + 7*x + 4. Let m be b(-2). Suppose -i - 4*j + m = 0, -2*i = -j + 25 - 174. Suppose h = -h + i. What is the units digit of h?
7
Let x(w) = w**3 - 19*w**2 - 71*w + 27. Let z be x(23). Suppose 24*g + 3*d = 25*g - z, 3*g = 5*d + 1526. What is the units digit of g?
7
Let l(q) = -55 + 32*q**3 - 30*q**3 - 2*q**2 + 10 - 17 - 2*q. What is the tens digit of l(8)?
1
Suppose 89784 = -2960*p + 2969*p. What is the tens digit of p?
7
Let s(k) = -57*k - 1. Let t(b) = -b**3 - 18*b**2 - b - 1. Let q be t(-18). Suppose -q*l = -20*l - 3. What is the tens digit of s(l)?
5
Let a be 1 + 2 + 18/9. Let b be a/45*-3 -